{"id":24,"date":"2017-10-27T16:29:14","date_gmt":"2017-10-27T16:29:14","guid":{"rendered":"http:\/\/anaissnptee.cigre.org.br\/?page_id=24"},"modified":"2018-03-09T17:29:01","modified_gmt":"2018-03-09T20:29:01","slug":"apresentacao","status":"publish","type":"page","link":"http:\/\/anaissnptee.cigre.org.br\/","title":{"rendered":"Apresenta\u00e7\u00e3o"},"content":{"rendered":"\t\t<div data-elementor-type=\"wp-page\" data-elementor-id=\"24\" class=\"elementor elementor-24 elementor-bc-flex-widget\" data-elementor-settings=\"[]\">\n\t\t\t\t\t\t<div class=\"elementor-inner\">\n\t\t\t\t\t\t\t<div class=\"elementor-section-wrap\">\n\t\t\t\t\t\t\t<section class=\"has_ae_slider elementor-section elementor-top-section elementor-element elementor-element-vcqyxeg elementor-section-boxed elementor-section-height-default elementor-section-height-default ae-bg-gallery-type-default\" data-id=\"vcqyxeg\" data-element_type=\"section\">\n\t\t\t\t\t\t<div class=\"elementor-container elementor-column-gap-default\">\n\t\t\t\t\t\t\t<div class=\"elementor-row\">\n\t\t\t\t\t<div class=\"has_ae_slider elementor-column elementor-col-100 elementor-top-column elementor-element elementor-element-ajdvqqp ae-bg-gallery-type-default\" data-id=\"ajdvqqp\" data-element_type=\"column\">\n\t\t\t<div class=\"elementor-column-wrap elementor-element-populated\">\n\t\t\t\t\t\t\t<div class=\"elementor-widget-wrap\">\n\t\t\t\t\t\t<div class=\"elementor-element elementor-element-kgjhjcc elementor-widget elementor-widget-text-editor\" data-id=\"kgjhjcc\" data-element_type=\"widget\" data-widget_type=\"text-editor.default\">\n\t\t\t\t<div class=\"elementor-widget-container\">\n\t\t\t\t\t\t\t\t<div class=\"elementor-text-editor elementor-clearfix\">\n\t\t\t\t<p>\u00a0<\/p><p>O SNPTEE, maior evento t\u00e9cnico do setor no Brasil, acontece a cada dois anos, reunindo os principais personagens do setor el\u00e9trico brasileiro para compartilhar conhecimentos e trocar experi\u00eancias.<\/p><p>Especialistas, t\u00e9cnicos, cientistas, pesquisadores de centros especializados e universidades, fabricantes de equipamentos e fornecedores de produtos e servi\u00e7os apresentam, durante os quatro dias de evento, tecnologias e inova\u00e7\u00f5es que representam o estado da arte do setor el\u00e9trico no Pa\u00eds.S\u00e3o especialistas e gestores debatendo o futuro da produ\u00e7\u00e3o e da transmiss\u00e3o de energia em 16 abrangentes grupos de estudo.<\/p><p>O SNPTEE \u00e9 promovido pelo Comit\u00ea Nacional Brasileiro de Produ\u00e7\u00e3o e Transmiss\u00e3o de Energia El\u00e9trica \u2013 Cigr\u00e9-Brasil, que tem como miss\u00e3o propiciar o interc\u00e2mbio tecnol\u00f3gico e a gest\u00e3o do conhecimento na produ\u00e7\u00e3o e transmiss\u00e3o de energia el\u00e9trica.<\/p><p><span style=\"font-size: 13pt; font-family: roboto; background-image: initial; background-position: initial; background-size: initial; background-repeat: initial; background-attachment: initial; background-origin: initial; background-clip: initial;\">O XXIV SNPTEE foi coordenado pela Copel, tendo contado com cerca de tr\u00eas mil participantes envolvidos na apresenta\u00e7\u00e3o e discuss\u00e3o de 492 artigos e diversos debates que comp\u00f5e um momento \u00fanico de compartilhamento de conhecimentos t\u00e9cnicos, de reflex\u00e3o cr\u00edtica sobre o est\u00e1gio das normas regulat\u00f3rias do setor na busca de alternativas para enfrentar os novos desafios do setor.<\/span><\/p>\t\t\t\t\t<\/div>\n\t\t\t\t\t\t<\/div>\n\t\t\t\t<\/div>\n\t\t\t\t\t\t<\/div>\n\t\t\t\t\t<\/div>\n\t\t<\/div>\n\t\t\t\t\t\t\t\t<\/div>\n\t\t\t\t\t<\/div>\n\t\t<\/section>\n\t\t\t\t<section class=\"has_ae_slider elementor-section elementor-top-section elementor-element elementor-element-ys5fnbq elementor-section-boxed elementor-section-height-default elementor-section-height-default ae-bg-gallery-type-default\" data-id=\"ys5fnbq\" data-element_type=\"section\">\n\t\t\t\t\t\t<div class=\"elementor-container elementor-column-gap-default\">\n\t\t\t\t\t\t\t<div class=\"elementor-row\">\n\t\t\t\t\t<div class=\"has_ae_slider elementor-column elementor-col-100 elementor-top-column elementor-element elementor-element-512o6wr ae-bg-gallery-type-default\" data-id=\"512o6wr\" data-element_type=\"column\">\n\t\t\t<div class=\"elementor-column-wrap\">\n\t\t\t\t\t\t\t<div class=\"elementor-widget-wrap\">\n\t\t\t\t\t\t\t\t<\/div>\n\t\t\t\t\t<\/div>\n\t\t<\/div>\n\t\t\t\t\t\t\t\t<\/div>\n\t\t\t\t\t<\/div>\n\t\t<\/section>\n\t\t\t\t\t\t<\/div>\n\t\t\t\t\t\t<\/div>\n\t\t\t\t\t<\/div>\n\t\t","protected":false},"excerpt":{"rendered":"<p>O SNPTEE, maior evento t\u00e9cnico do setor no Brasil, acontece a cada dois anos, reunindo os principais personagens do setor el\u00e9trico brasileiro para compartilhar conhecimentos e trocar experi\u00eancias. Especialistas, t\u00e9cnicos, cientistas, pesquisadores de centros especializados e universidades, fabricantes de equipamentos e fornecedores de produtos e servi\u00e7os apresentam, durante os quatro dias de evento, tecnologias e &#8230; <a title=\"Apresenta\u00e7\u00e3o\" class=\"read-more\" href=\"http:\/\/anaissnptee.cigre.org.br\/\">Read more<\/a><\/p>\n","protected":false},"author":1,"featured_media":0,"parent":0,"menu_order":0,"comment_status":"closed","ping_status":"closed","template":"","meta":{"generate_page_header":""},"yst_prominent_words":[],"_links":{"self":[{"href":"http:\/\/anaissnptee.cigre.org.br\/index.php\/wp-json\/wp\/v2\/pages\/24"}],"collection":[{"href":"http:\/\/anaissnptee.cigre.org.br\/index.php\/wp-json\/wp\/v2\/pages"}],"about":[{"href":"http:\/\/anaissnptee.cigre.org.br\/index.php\/wp-json\/wp\/v2\/types\/page"}],"author":[{"embeddable":true,"href":"http:\/\/anaissnptee.cigre.org.br\/index.php\/wp-json\/wp\/v2\/users\/1"}],"replies":[{"embeddable":true,"href":"http:\/\/anaissnptee.cigre.org.br\/index.php\/wp-json\/wp\/v2\/comments?post=24"}],"version-history":[{"count":7,"href":"http:\/\/anaissnptee.cigre.org.br\/index.php\/wp-json\/wp\/v2\/pages\/24\/revisions"}],"predecessor-version":[{"id":1677,"href":"http:\/\/anaissnptee.cigre.org.br\/index.php\/wp-json\/wp\/v2\/pages\/24\/revisions\/1677"}],"wp:attachment":[{"href":"http:\/\/anaissnptee.cigre.org.br\/index.php\/wp-json\/wp\/v2\/media?parent=24"}],"wp:term":[{"taxonomy":"yst_prominent_words","embeddable":true,"href":"http:\/\/anaissnptee.cigre.org.br\/index.php\/wp-json\/wp\/v2\/yst_prominent_words?post=24"}],"curies":[{"name":"wp","href":"https:\/\/api.w.org\/{rel}","templated":true}]}}